100 (base 2) to base 11.
89173
What is 103233030021 (base 4) in base 8?
23571411
-12222112001111 (base 3) to base 9
-5875044
1010001121201 (base 3) to base 7
5012662
-4255432 (base 6) to base 4
-303033230
What is -1421234423 (base 5) in base 9?
-6853251
Convert 162a249 (base 11) to base 16.
2a6e52
-28a5f (base 16) to base 9
-273344
What is 2132112031 (base 4) in base 5?
131223324
What is 124356 (base 10) in base 13?
447ab
What is 114032223 (base 5) in base 14?
dc58a
Convert 2a0c7 (base 13) to base 11.
54600
What is 24640045 (base 7) in base 5?
1032300121
Convert -3101 (base 16) to base 13.
-5930
Convert 79386 (base 10) to base 14.
20d06
What is 422460 (base 11) in base 12?
287736
Convert 3135430 (base 6) to base 5.
14342444
Convert -311202010301 (base 4) to base 6.
-1220440305
-102224320 (base 5) to base 4
-1220332020
Convert 1001100001011001110 (base 2) to base 9.
525002
What is 15312314 (base 7) in base 11?
911021
What is 3290020 (base 10) in base 5?
1320240040
-cfd4c (base 16) to base 11
-531638
Convert 42565 (base 8) to base 12.
a359
Convert -12141021 (base 5) to base 7.
-656450
What is 100100011000100100001111 (base 2) in base 4?
210120210033
Convert -572514 (base 10) to base 9.
-1062306
5c95 (base 14) to base 11
111a0
What is 3555071 (base 9) in base 15?
280a57
Convert 253400322 (base 6) to base 13.
103802c
Convert 1339a24 (base 11) to base 4.
20310122230
5264 (base 14) to base 4
3131320
What is -466232 (base 10) in base 14?
-c1ca4
46518 (base 14) to base 10
171130
Convert 12165 (base 12) to base 3.
1020111012
-5004a6 (base 11) to base 14
-16d971
Convert 555e8a (base 15) to base 13.
ac679b
What is 21121310 (base 5) in base 14?
4843d
-228c (base 16) to base 6
-104540
-10467 (base 9) to base 14
-2762
What is -34446432 (base 7) in base 13?
-8199a5
42334546 (base 7) to base 14
695bcd
-622534 (base 10) to base 5
-124410114
-521431 (base 6) to base 15
-c601
-c6398a (base 16) to base 7
-215264136
What is 14421402 (base 5) in base 11?
a6178
Convert -306230 (base 10) to base 5.
-34244410
Convert 9ba9b (base 12) to base 16.
32957
What is 3121313 (base 4) in base 15?
41e8
-e89b0 (base 15) to base 12
-2b7070
What is -37822 (base 12) in base 15?
-17572
-355485 (base 9) to base 6
-4330422
What is 101101111110001111101 (base 2) in base 14?
2b2dc1
What is 3161104 (base 7) in base 15?
78e21
71471 (base 9) to base 10
47044
-84053 (base 12) to base 6
-3412143
3692444 (base 10) to base 5
1421124234
What is -303234031 (base 6) in base 10?
-5199139
Convert 3c035 (base 13) to base 6.
2222535
What is 74322 (base 9) in base 5?
3032411
-74a35 (base 11) to base 6
-2200523
Convert 2538701 (base 10) to base 2.
1001101011110011001101
What is 1985289 (base 11) in base 10?
3345142
22110122111100 (base 3) to base 9
8418440
Convert -20212022101 (base 3) to base 4.
-200332303
ecb331 (base 15) to base 4
223001010310
What is 227066 (base 8) in base 5?
4433431
28bb5 (base 12) to base 10
57017
-100001001011011100001 (base 2) to base 6
-35145201
What is -1313232430 (base 5) in base 2?
-1100011011100001111010
What is -81194a9 (base 11) in base 15?
-13da092
-11210101022 (base 3) to base 16
-1706f
What is -952b5 (base 15) in base 8?
-1634040
Convert 142531 (base 13) to base 4.
1313311000
Convert -110019 (base 11) to base 5.
-21110322
What is 10101111001001100110 (base 2) in base 7?
6045405
What is 13320211133 (base 4) in base 11?
1191894
Convert 807737 (base 9) to base 3.
220021211021
What is -508124 (base 9) in base 2?
-1001001100001111100
Convert -250641 (base 8) to base 12.
-42029
What is -672040 (base 8) in base 2?
-110111010000100000
33a13 (base 12) to base 11
477a9
5413 (base 15) to base 11
12406
Convert -ab886 (base 12) to base 13.
-7c7b5
Convert 1083421 (base 11) to base 10.
1893189
-382603 (base 9) to base 5
-24402312
855652 (base 9) to base 2
1111100010110111111
Convert 1110010000001100111011 (base 2) to base 3.
21000211100102
What is c50be (base 16) in base 5?
201311402
What is 19b114 (base 14) in base 8?
3371056
111101111101011011 (base 2) to base 5
31110122
What is -10325421 (base 6) in base 9?
-517224
22301110 (base 4) to base 9
66457
1202132220 (base 4) to base 12
175520
What is 1230001400 (base 5) in base 13?
7cc4b9
Convert -9aa5024 (base 11) to base 7.
-303340542
-513b78 (base 13) to base 10
-1893575
1200110222002 (base 3) to base 13
2545c7
202232012022 (base 4) to base 3
122010102012020
What is 202011211220 (base 3) in base 12?
171a36
Convert 79953 (base 15) to base 8.
1363445
Convert 31531 (base 10) to base 15.
9521
What is 3054f (base 16) in base 13?
6c153
Convert cbd3fa (base 16) to base 6.
1154150534
Convert -11560162 (base 7) to base 9.
-1854211
What is 781a57 (base 11) in base 8?
4603560
-1110000010010010010 (base 2) to base 3
-212100220011
-34572 (base 12) to base 5
-4214201
What is -1ca12a (base 15) in base 16?
-15603a
Convert -562700 (base 13) to base 8.
-7603400
Convert -35868 (base 9) to base 6.
-303142
What is -32374160 (base 9) in base 2?
-111011101001110110011010
Convert -2dce59 (base 16) to base 9.
-5574804
What is -15c2b4b (base 13) in base 10?
-7032322
What is -240660 (base 15) in base 3?
-10020112002100
Convert 3970d (base 14) to base 10.
141329
What is 1220443 (base 7) in base 14?
40d5a
Convert 688004 (base 9) to base 11.
262008
Convert -3234250 (base 6) to base 10.
-160374
What is -50c0b0 (base 13) in base 9?
-3478851
-202201101102 (base 3) to base 2
-1100011100011110000
What is -124241163 (base 7) in base 16?
-78f17a
What is -126240 (base 7) in base 2?
-101110011110001
What is -358a9b9 (base 12) in base 8?
-47476435
What is 4ac5 (base 14) in base 15?
3d3e
What is 301123222 (base 4) in base 8?
613352
Convert -207432 (base 10) to base 6.
-4240200
1101000101110011110011 (base 2) to base 14
654871
Convert 316987 (base 10) to base 3.
121002211021
What is 20003 (base 9) in base 12?
7719
What is 2132130001 (base 4) in base 6?
21524241
Convert -101001110110001010 (base 2) to base 8.
-516612
-151602 (base 13) to base 3
-222021121200
7621068 (base 10) to base 6
431202420
What is 4d3 (base 16) in base 6?
5415
Convert 1115a5 (base 11) to base 3.
100000211002
Convert 11000001101110011001101 (base 2) to base 15.
855d3b
Convert -11211001012 (base 3) to base 13.
-341c6
What is 72df4 (base 16) in base 8?
1626764
What is 422434 (base 5) in base 11?
a676
What is 5b747 (base 14) in base 13?
7aa88
22601310 (base 7) to base 16
1e44eb
94964 (base 15) to base 6
14033404
Convert 20a46c (base 13) to base 16.
bad8a
What is 74286 (base 11) in base 6?
2152403
Convert -141051 (base 6) to base 11.
-9a17
What is 12110220220 (base 3) in base 16?
1a53b
What is 1301322232 (base 4) in base 7?
3652240
11444322 (base 5) to base 11
75168
What is -2036064 (base 7) in base 5?
-30311410
Convert -1413331232 (base 5) to base 2.
-1101111011100111100011
What is 14034440 (base 5) in base 11?
9858a
Convert -120221121001210 (base 3) to base 9.
-16847053
-1080168 (base 9) to base 12
-242008
Convert -10110001101110110 (base 2) to base 14.
-2523c
-10000010111010110000 (base 2) to base 3
-1000020120202
Convert 1a370 (base 12) to base 2.
1001011010000100
What is -30351435 (base 7) in base 5?
-1122033440
What is -ab3eb (base 15) in base 6?
-15355435
What is -606141 (base 14) in base 15?
-441141
Convert 1541330 (base 12) to base 9.
8106410
40352602 (base 7) to base 16
333b8c
Convert 5173b4 (base 12) to base 2.
100110111111001111000
What is -3242101 (base 6) in base 12?
-79331
Convert 1c214 (base 16) to base 10.
115220
9bfa42 (base 16) to base 9
21210130
Convert 17204 (base 9) to base 10.
11830
-104363 (base 9) to base 3
-10011102010
Convert -149a95a (base 11) to base 14.
-4a995c
What is 344415 (base 9) in base 13?
7309a
Convert -94910 (base 10) to base 8.
-271276
What is -21201102100 (base 3) in base 13?
-54207
Convert -1bc2870 (base 14) to base 9.
-28156057
Convert -1000111110101000010 (base 2) to base 16.
-47d42
Convert 42b80c (base 15) to base 13.
8734b6
Convert -132130321110 (base 4) to base 2.
-11110011100111001010100
112a1 (base 11) to base 13
757a
44463 (base 14) to base 6
3314131
What is -12c182 (base 16) in base 8?
-4540602
Convert 39123 (base 13) to base 10.
105654
What is -21220121020 (base 3) in base 9?
-256536
Convert -621603 (base 7) to base 15.
-21759
What is 98758 (base 10) i